{"id":5607,"date":"2015-08-17T08:13:19","date_gmt":"2015-08-17T08:13:19","guid":{"rendered":"http:\/\/whitecollars.co\/tilt-demo\/?page_id=5595"},"modified":"2018-05-29T17:48:30","modified_gmt":"2018-05-29T22:48:30","slug":"productos","status":"publish","type":"page","link":"https:\/\/cafedelariviera.com\/index.php\/productos\/","title":{"rendered":"Productos"},"content":{"rendered":"<p>[vc_row row_height_type=&#8221;fixed_height&#8221; height=&#8221;350px&#8221; top=&#8221;0px&#8221; bottom=&#8221;0px&#8221; bg_type=&#8221;image&#8221; speed=&#8221;0.80&#8243; bg_cover=&#8221;cover&#8221; bg_repeat=&#8221;no-repeat&#8221; bg_position=&#8221;Right top&#8221; bg_image=&#8221;6212&#8243; bg_color=&#8221;#0a0000&#8243;][vc_column][vc_heading h_size=&#8221;h-large&#8221; title=&#8221;NUESTRO CAF\u00c9&#8221; title_color=&#8221;#ffffff&#8221; subtitle_color=&#8221;#ffffff&#8221; divider=&#8221;div-between&#8221; divider_color=&#8221;#ffffff&#8221; alignment=&#8221;align-left&#8221; css_animation=&#8221;right-to-left&#8221; css_animation_delay=&#8221;delay-200&#8243;][\/vc_column][\/vc_row][vc_row top=&#8221;100px&#8221; bottom=&#8221;0px&#8221; textalign=&#8221;center&#8221;][vc_column][vc_column_text]<\/p>\n<h5 style=\"text-align: center;\">Presentamos nuestro <strong>MEN\u00da<\/strong> de opciones en <strong>Caf\u00e9 de la Riviera<\/strong><\/h5>\n<p>[\/vc_column_text][vc_empty_space height=&#8221;20px&#8221;][vc_column_text]<\/p>\n<p style=\"text-align: center;\">Explore nuestros productos\u00a0y lo invitamos a comunicarse para atender alguna\u00a0necesidad espec\u00edfica.<\/p>\n<p>[\/vc_column_text][\/vc_column][\/vc_row][vc_row top=&#8221;100px&#8221; bottom=&#8221;100px&#8221;][vc_column][vc_separator][\/vc_column][\/vc_row][vc_row top=&#8221;0px&#8221; bottom=&#8221;0px&#8221; el_class=&#8221;extra-class&#8221;][vc_column width=&#8221;1\/4&#8243; css_animation=&#8221;left-to-right&#8221; css_animation_delay=&#8221;delay-200&#8243;][vc_heading h_size=&#8221;h-small&#8221; title=&#8221;Materia Prima&#8221; divider=&#8221;div-below&#8221; alignment=&#8221;align-right&#8221; css_animation=&#8221;left-to-right&#8221;][vc_column_text css=&#8221;.vc_custom_1456982158631{padding-top: 10px !important;}&#8221;]<\/p>\n<p style=\"text-align: right;\"><strong>Caf\u00e9\u00a0de la Riviera<\/strong> persigue siempre la m\u00e1s alta calidad de las afamadas regiones cafetaleras de Veracruz y Chiapas, porque buscamos satisfacer los gustos m\u00e1s exigentes.<\/p>\n<p>[\/vc_column_text][vc_empty_space][vc_single_image image=&#8221;6480&#8243; img_size=&#8221;100&#215;120&#8243; alignment=&#8221;right&#8221; css_animation=&#8221;left-to-right&#8221;][\/vc_column][vc_column width=&#8221;3\/4&#8243; css_animation=&#8221;bottom-to-top&#8221; css_animation_delay=&#8221;delay-300&#8243;][vc_row_inner top=&#8221;0px&#8221;][vc_column_inner width=&#8221;1\/3&#8243;][vc_image_box image=&#8221;6091&#8243; align=&#8221;align-left&#8221; shadow=&#8221;imb_shadow_h&#8221; img_size=&#8221;full&#8221; heading=&#8221;Granos PREMIUM&#8221; text=&#8221;Una estupenda selecci\u00f3n y mezcla de sabores \u00fanicos se encuentra los granos verdes que llegan a nuestra bodega. &#8221; bg_color=&#8221;#ecffe5&#8243; border_color=&#8221;#b8dd9d&#8221;][\/vc_column_inner][vc_column_inner width=&#8221;1\/3&#8243;][vc_image_box image=&#8221;6084&#8243; align=&#8221;align-left&#8221; shadow=&#8221;imb_shadow_h&#8221; img_size=&#8221;full&#8221; heading=&#8221;Tostado al gusto&#8221; text=&#8221;Una de las claves para un estupendo sabor y aroma es hacer bien el tostado. En Caf\u00e9 de la Riviera nuestro experto lo realiza al gusto del cliente.&#8221; bg_color=&#8221;#ecffe5&#8243; border_color=&#8221;#b8dd9d&#8221;][\/vc_column_inner][vc_column_inner width=&#8221;1\/3&#8243;][vc_image_box image=&#8221;6085&#8243; align=&#8221;align-left&#8221; shadow=&#8221;imb_shadow_h&#8221; img_size=&#8221;full&#8221; heading=&#8221;Molienda&#8221; text=&#8221;Seleccionar el tipo de molido del caf\u00e9 de acuerdo a las m\u00e1quinas cafeteras es fundamental para explotar al m\u00e1ximo el sabor de los granos tostados.&#8221; bg_color=&#8221;#ecffe5&#8243; border_color=&#8221;#b8dd9d&#8221;][\/vc_column_inner][\/vc_row_inner][\/vc_column][\/vc_row][vc_row top=&#8221;100px&#8221; bottom=&#8221;100px&#8221;][vc_column][vc_separator][\/vc_column][\/vc_row][vc_row top=&#8221;0px&#8221; bottom=&#8221;0px&#8221; el_class=&#8221;extra-class&#8221;][vc_column width=&#8221;1\/4&#8243; css_animation=&#8221;left-to-right&#8221; css_animation_delay=&#8221;delay-200&#8243;][vc_heading h_size=&#8221;h-small&#8221; title=&#8221;Sabores&#8221; divider=&#8221;div-below&#8221; alignment=&#8221;align-right&#8221; css_animation=&#8221;left-to-right&#8221;][vc_column_text css=&#8221;.vc_custom_1456970641134{padding-top: 10px !important;}&#8221;]<\/p>\n<p style=\"text-align: right;\">Opciones para seleccionar sabores y creaciones al gusto del cliente.<\/p>\n<p>[\/vc_column_text][vc_empty_space][vc_single_image image=&#8221;6474&#8243; img_size=&#8221;130&#215;130&#8243; alignment=&#8221;right&#8221; css_animation=&#8221;left-to-right&#8221;][\/vc_column][vc_column width=&#8221;3\/4&#8243; css_animation=&#8221;bottom-to-top&#8221; css_animation_delay=&#8221;delay-300&#8243;][vc_row_inner top=&#8221;0px&#8221;][vc_column_inner width=&#8221;1\/3&#8243;][vc_image_box image=&#8221;6096&#8243; align=&#8221;align-left&#8221; shadow=&#8221;imb_shadow_h&#8221; img_size=&#8221;full&#8221; heading=&#8221;Cl\u00e1sico&#8221; text=&#8221;Granos PREMIUM en medidas de mezclas \u00fanicas con el tostado perfecto para liberar el sabor con intensidad&#8221; border_color=&#8221;#b8dd9d&#8221;][\/vc_column_inner][vc_column_inner width=&#8221;1\/3&#8243;][vc_image_box image=&#8221;6098&#8243; align=&#8221;align-left&#8221; shadow=&#8221;imb_shadow_h&#8221; img_size=&#8221;full&#8221; heading=&#8221;Espresso&#8221; text=&#8221;Selecta combinaci\u00f3n de caf\u00e9s de distintos or\u00edgenes que resultan en una contundente taza de espresso con cuerpo, aroma y un persistente sabor.&#8221; border_color=&#8221;#b8dd9d&#8221;][\/vc_column_inner][vc_column_inner width=&#8221;1\/3&#8243;][vc_image_box image=&#8221;6470&#8243; align=&#8221;align-left&#8221; shadow=&#8221;imb_shadow_h&#8221; img_size=&#8221;full&#8221; heading=&#8221;Gourmet&#8221; text=&#8221;Caf\u00e9 fresco tostado con manos expertas para obtener un estupendo aroma, cuerpo y agradable acidez.&#8221; border_color=&#8221;#b8dd9d&#8221;][\/vc_column_inner][\/vc_row_inner][\/vc_column][\/vc_row][vc_row top=&#8221;0px&#8221; bottom=&#8221;0px&#8221; el_class=&#8221;extra-class&#8221;][vc_column width=&#8221;1\/4&#8243;][\/vc_column][vc_column width=&#8221;3\/4&#8243; css_animation=&#8221;bottom-to-top&#8221; css_animation_delay=&#8221;delay-300&#8243;][vc_row_inner top=&#8221;0px&#8221;][vc_column_inner width=&#8221;1\/3&#8243;][vc_image_box image=&#8221;6102&#8243; align=&#8221;align-left&#8221; shadow=&#8221;imb_shadow_h&#8221; img_size=&#8221;full&#8221; heading=&#8221;Org\u00e1nico&#8221; text=&#8221;El caf\u00e9 org\u00e1nico de Caf\u00e9 de la Riviera es cultivado con un estricto control de calidad y en armon\u00eda con la naturaleza porque es libre de qu\u00edmicos y pesticidas.&#8221; border_color=&#8221;#b8dd9d&#8221;][\/vc_column_inner][vc_column_inner width=&#8221;1\/3&#8243;][vc_image_box image=&#8221;6471&#8243; align=&#8221;align-left&#8221; shadow=&#8221;imb_shadow_h&#8221; img_size=&#8221;full&#8221; heading=&#8221;Taster&#8221; text=&#8221;Un caf\u00e9 soluble ligero de alta calidad para preparaci\u00f3n tipo americano.&#8221; border_color=&#8221;#b8dd9d&#8221;][\/vc_column_inner][vc_column_inner width=&#8221;1\/3&#8243;][vc_image_box image=&#8221;6097&#8243; align=&#8221;align-left&#8221; shadow=&#8221;imb_shadow_h&#8221; img_size=&#8221;full&#8221; heading=&#8221;Decaf&#8221; text=&#8221;Un sabor agradable con un cuerpo fuerte y una breve acidez capaz de sorprender a cualquier experto.&#8221; border_color=&#8221;#b8dd9d&#8221;][\/vc_column_inner][\/vc_row_inner][\/vc_column][\/vc_row][vc_row top=&#8221;100px&#8221; bottom=&#8221;100px&#8221;][vc_column][vc_separator][\/vc_column][\/vc_row][vc_row top=&#8221;0px&#8221; bottom=&#8221;0px&#8221; el_class=&#8221;extra-class&#8221;][vc_column width=&#8221;1\/4&#8243;][vc_heading h_size=&#8221;h-small&#8221; title=&#8221;La Base de nuestras especialidades&#8221; divider=&#8221;div-below&#8221; alignment=&#8221;align-right&#8221; css_animation=&#8221;left-to-right&#8221;][\/vc_column][vc_column width=&#8221;3\/4&#8243; css_animation=&#8221;bottom-to-top&#8221; css_animation_delay=&#8221;delay-300&#8243;][vc_row_inner top=&#8221;0px&#8221;][vc_column_inner width=&#8221;1\/3&#8243;][vc_image_box image=&#8221;6467&#8243; align=&#8221;align-left&#8221; shadow=&#8221;imb_shadow_h&#8221; img_size=&#8221;full&#8221; heading=&#8221;Caf\u00e9 Soluble&#8221; text=&#8221;Un caf\u00e9 granulado muy estable, de estupendo sabor, listo para una preparaci\u00f3n sencilla.&#8221; border_color=&#8221;#b8dd9d&#8221;][\/vc_column_inner][vc_column_inner width=&#8221;1\/3&#8243;][vc_image_box image=&#8221;6100&#8243; align=&#8221;align-left&#8221; shadow=&#8221;imb_shadow_h&#8221; img_size=&#8221;full&#8221; heading=&#8221;Cappuccino&#8221; text=&#8221;Por su suave textura y consistencia cremosa, nuestro cappuccino deleita los paladares m\u00e1s exigentes.&#8221; border_color=&#8221;#b8dd9d&#8221;][\/vc_column_inner][vc_column_inner width=&#8221;1\/3&#8243;][vc_image_box image=&#8221;6101&#8243; align=&#8221;align-left&#8221; shadow=&#8221;imb_shadow_h&#8221; img_size=&#8221;full&#8221; heading=&#8221;Chocolate&#8221; text=&#8221;Resultado de un estupendo manejo de semillas de cacao con notas azucaradas muy agradables.&#8221; border_color=&#8221;#b8dd9d&#8221;][\/vc_column_inner][\/vc_row_inner][\/vc_column][\/vc_row][vc_row top=&#8221;100px&#8221; bottom=&#8221;10px&#8221;][vc_column][vc_separator][vc_empty_space height=&#8221;80px&#8221;][vc_column_text]<\/p>\n<h5 style=\"text-align: center;\"><strong>Nuestras presentaciones:<\/strong>\u00a01kg, 750g, 500g, 396g<\/h5>\n<p>[\/vc_column_text][vc_empty_space height=&#8221;30px&#8221;][\/vc_column][\/vc_row][vc_row top=&#8221;0px&#8221; bottom=&#8221;100px&#8221;][vc_column width=&#8221;1\/6&#8243;][vc_single_image image=&#8221;6488&#8243; img_size=&#8221;full&#8221; alignment=&#8221;center&#8221; onclick=&#8221;link_image&#8221; css_animation=&#8221;appear&#8221;][\/vc_column][vc_column width=&#8221;1\/6&#8243;][vc_single_image image=&#8221;6491&#8243; img_size=&#8221;full&#8221; alignment=&#8221;center&#8221; onclick=&#8221;link_image&#8221; css_animation=&#8221;appear&#8221;][\/vc_column][vc_column width=&#8221;1\/6&#8243;][vc_single_image image=&#8221;6490&#8243; img_size=&#8221;full&#8221; alignment=&#8221;center&#8221; onclick=&#8221;link_image&#8221; css_animation=&#8221;appear&#8221;][\/vc_column][vc_column width=&#8221;1\/6&#8243;][vc_single_image image=&#8221;6485&#8243; img_size=&#8221;full&#8221; alignment=&#8221;center&#8221; onclick=&#8221;link_image&#8221; css_animation=&#8221;appear&#8221;][\/vc_column][vc_column width=&#8221;1\/6&#8243;][vc_single_image image=&#8221;6489&#8243; img_size=&#8221;full&#8221; alignment=&#8221;center&#8221; onclick=&#8221;link_image&#8221; css_animation=&#8221;appear&#8221;][\/vc_column][vc_column width=&#8221;1\/6&#8243;][vc_single_image image=&#8221;6486&#8243; img_size=&#8221;full&#8221; alignment=&#8221;center&#8221; onclick=&#8221;link_image&#8221; css_animation=&#8221;appear&#8221;][\/vc_column][\/vc_row][vc_row top=&#8221;30px&#8221; bottom=&#8221;70px&#8221;][vc_column][vc_separator][\/vc_column][\/vc_row][vc_row bottom=&#8221;120px&#8221;][vc_column width=&#8221;1\/4&#8243; css_animation=&#8221;appear&#8221; css_animation_delay=&#8221;delay-400&#8243;][vc_heading h_size=&#8221;h-small&#8221; title=&#8221;Cafetera y kit de caf\u00e9 para habitaciones&#8221; divider=&#8221;div-below&#8221; alignment=&#8221;align-right&#8221; css_animation=&#8221;left-to-right&#8221;][\/vc_column][vc_column width=&#8221;1\/4&#8243;][vc_single_image image=&#8221;6503&#8243; img_size=&#8221;full&#8221; alignment=&#8221;center&#8221; onclick=&#8221;link_image&#8221; css_animation=&#8221;left-to-right&#8221;][\/vc_column][vc_column width=&#8221;1\/4&#8243;][vc_single_image image=&#8221;6506&#8243; img_size=&#8221;full&#8221; alignment=&#8221;center&#8221; onclick=&#8221;link_image&#8221; css_animation=&#8221;right-to-left&#8221;][\/vc_column][vc_column width=&#8221;1\/4&#8243;][vc_column_text]\u2022 1 Pouch de papel filtro con\u00a0caf\u00e9 americano<\/p>\n<p>\u2022 1 Sobre de Sustituto de\u00a0Crema<\/p>\n<p>\u2022 2 Sobres de Az\u00facar Refinada<\/p>\n<p>\u2022 2 Sobres de Sustituto de\u00a0Az\u00facar<\/p>\n<p>\u2022 2 Agitadores[\/vc_column_text][\/vc_column][\/vc_row][vc_row full_content_width=&#8221;row-inner-full&#8221; top=&#8221;140px&#8221; bottom=&#8221;120px&#8221; bg_color=&#8221;#cecece&#8221;][vc_column width=&#8221;1\/3&#8243; css_animation=&#8221;left-to-right&#8221; css_animation_delay=&#8221;delay-200&#8243; css=&#8221;.vc_custom_1456973997950{border-right-width: 1px !important;padding-right: 60px !important;padding-left: 60px !important;border-right-color: #e2e2e2 !important;border-right-style: solid !important;}&#8221;][vc_column_text]<\/p>\n<h5 style=\"text-align: center;\"><strong>Caf\u00e9 ARABO<\/strong><\/h5>\n<p>[\/vc_column_text][vc_empty_space height=&#8221;10px&#8221;][vc_column_text]<\/p>\n<p style=\"text-align: center;\">Somos distribuidores de esta marca de reconocido prestigio y calidad a nivel internacional.\u00a0Lo invitamos a conocer su amplia l\u00ednea de sabores\u00a0gourmet: caf\u00e9s, t\u00e9s e infusiones encapsuladas,\u00a0acompa\u00f1adas de maquinarias muy atractivas y convenientes para establecimientos o puntos de venta exclusivos.<\/p>\n<p>[\/vc_column_text][vc_empty_space height=&#8221;20px&#8221;][vc_btn title=&#8221;Conocer m\u00e1s&#8221; style=&#8221;outline-custom&#8221; outline_custom_color=&#8221;#666666&#8243; outline_custom_hover_background=&#8221;#666666&#8243; outline_custom_hover_text=&#8221;#ffffff&#8221; size=&#8221;sm&#8221; align=&#8221;center&#8221; link=&#8221;url:http%3A%2F%2Fcafedelariviera.com%2Findex.php%2Fcafe-arabo%2F||&#8221;][\/vc_column][vc_column width=&#8221;1\/3&#8243; css_animation=&#8221;bottom-to-top&#8221; css_animation_delay=&#8221;delay-200&#8243; css=&#8221;.vc_custom_1456972083364{padding-right: 60px !important;padding-left: 60px !important;}&#8221;][vc_column_text]<\/p>\n<h5 style=\"text-align: center;\"><strong>M\u00e1quinas de\u00a0Caf\u00e9<\/strong><\/h5>\n<p>[\/vc_column_text][vc_empty_space height=&#8221;10px&#8221;][vc_column_text]<\/p>\n<p style=\"text-align: center;\">Contamos en nuestro cat\u00e1logo con\u00a0las mejores\u00a0marcas y modelos de maquinaria para hacer caf\u00e9. Herramientas de alta calidad,\u00a0durables y altamente\u00a0especializadas, para\u00a0preparar adecuadamente infusiones de caf\u00e9\u00a0de alto est\u00e1ndar.<\/p>\n<p>[\/vc_column_text][vc_empty_space height=&#8221;20px&#8221;][vc_btn title=&#8221;Conocer m\u00e1s&#8221; style=&#8221;outline-custom&#8221; outline_custom_color=&#8221;#666666&#8243; outline_custom_hover_background=&#8221;#666666&#8243; outline_custom_hover_text=&#8221;#ffffff&#8221; size=&#8221;sm&#8221; align=&#8221;center&#8221; link=&#8221;url:http%3A%2F%2Fcafedelariviera.com%2Findex.php%2Fmaquinas-de-cafe%2F||&#8221;][\/vc_column][vc_column width=&#8221;1\/3&#8243; css_animation=&#8221;right-to-left&#8221; css_animation_delay=&#8221;delay-200&#8243; css=&#8221;.vc_custom_1456974009543{border-left-width: 1px !important;padding-right: 60px !important;padding-left: 60px !important;border-left-color: #e2e2e2 !important;border-left-style: solid !important;}&#8221;][vc_column_text]<\/p>\n<h5 style=\"text-align: center;\"><strong>Az\u00facares y\u00a0Jarabes<\/strong><\/h5>\n<p>[\/vc_column_text][vc_empty_space height=&#8221;10px&#8221;][vc_column_text]<\/p>\n<p style=\"text-align: center;\">Vendemos el\u00a0az\u00facar de mayor calidad en M\u00e9xico\u00a0en diversas presentaciones.<\/p>\n<p style=\"text-align: center;\">Estupendas opciones de sustitutos de az\u00facar en presentaciones personalizadas.<\/p>\n<p style=\"text-align: center;\">Jarabes Tate &amp; Lyle que son una delicia en cada uno de sus diversos sabores.<\/p>\n<p>[\/vc_column_text][vc_empty_space height=&#8221;20px&#8221;][vc_btn title=&#8221;Conocer m\u00e1s&#8221; style=&#8221;outline-custom&#8221; outline_custom_color=&#8221;#666666&#8243; outline_custom_hover_background=&#8221;#666666&#8243; outline_custom_hover_text=&#8221;#ffffff&#8221; size=&#8221;sm&#8221; align=&#8221;center&#8221; link=&#8221;url:http%3A%2F%2Fcafedelariviera.com%2Findex.php%2Fazucares%2F||&#8221;][\/vc_column][\/vc_row]<\/p>\n","protected":false},"excerpt":{"rendered":"<p>[vc_row row_height_type=&#8221;fixed_height&#8221; height=&#8221;350px&#8221; top=&#8221;0px&#8221; bottom=&#8221;0px&#8221; bg_type=&#8221;image&#8221; speed=&#8221;0.80&#8243; bg_cover=&#8221;cover&#8221; bg_repeat=&#8221;no-repeat&#8221; bg_position=&#8221;Right top&#8221; bg_image=&#8221;6212&#8243; bg_color=&#8221;#0a0000&#8243;][vc_column][vc_heading h_size=&#8221;h-large&#8221; title=&#8221;NUESTRO CAF\u00c9&#8221; title_color=&#8221;#ffffff&#8221; subtitle_color=&#8221;#ffffff&#8221; divider=&#8221;div-between&#8221; divider_color=&#8221;#ffffff&#8221; alignment=&#8221;align-left&#8221; css_animation=&#8221;right-to-left&#8221; css_animation_delay=&#8221;delay-200&#8243;][\/vc_column][\/vc_row][vc_row top=&#8221;100px&#8221; bottom=&#8221;0px&#8221; textalign=&#8221;center&#8221;][vc_column][vc_column_text] Presentamos nuestro MEN\u00da de opciones en Caf\u00e9 de la Riviera [\/vc_column_text][vc_empty_space height=&#8221;20px&#8221;][vc_column_text] Explore nuestros productos\u00a0y lo invitamos a comunicarse para atender alguna\u00a0necesidad espec\u00edfica. [\/vc_column_text][\/vc_column][\/vc_row][vc_row top=&#8221;100px&#8221; bottom=&#8221;100px&#8221;][vc_column][vc_separator][\/vc_column][\/vc_row][vc_row top=&#8221;0px&#8221; bottom=&#8221;0px&#8221; el_class=&#8221;extra-class&#8221;][vc_column width=&#8221;1\/4&#8243; css_animation=&#8221;left-to-right&#8221; css_animation_delay=&#8221;delay-200&#8243;][vc_heading h_size=&#8221;h-small&#8221; title=&#8221;Materia Prima&#8221; divider=&#8221;div-below&#8221; alignment=&#8221;align-right&#8221; css_animation=&#8221;left-to-right&#8221;][vc_column_text css=&#8221;.vc_custom_1456982158631{padding-top: 10px !important;}&#8221;] Caf\u00e9\u00a0de la Riviera persigue siempre la m\u00e1s alta&#8230;  <\/p>\n<div class=\"read-more\"><a class=\"excerpt-read-more\" href=\"https:\/\/cafedelariviera.com\/index.php\/productos\/\" title=\"Continue reading Productos\">Read more<i class=\"fa fa-angle-right\"><\/i><\/a><\/div>\n","protected":false},"author":1,"featured_media":0,"parent":0,"menu_order":0,"comment_status":"open","ping_status":"open","template":"page-full-width.php","meta":{"_monsterinsights_skip_tracking":false,"_monsterinsights_sitenote_active":false,"_monsterinsights_sitenote_note":"","_monsterinsights_sitenote_category":0,"footnotes":""},"class_list":["post-5607","page","type-page","status-publish","hentry"],"yoast_head":"<!-- This site is optimized with the Yoast SEO plugin v27.5 - https:\/\/yoast.com\/product\/yoast-seo-wordpress\/ -->\n<title>Nuestros Productos: Caf\u00e9 y kits para habitaciones de hotel - Caf\u00e9 de la Riviera<\/title>\n<meta name=\"description\" content=\"En Caf\u00e9 de la Riviera te ofrecemos una amplia gama de productos de caf\u00e9 de la m\u00e1s alta calidad para hoteles y restaurantes. Distintas variedades de caf\u00e9 para todos los gustos, kits para habitaciones y mucho m\u00e1s.\" \/>\n<meta name=\"robots\" content=\"index, follow, max-snippet:-1, max-image-preview:large, max-video-preview:-1\" \/>\n<link rel=\"canonical\" href=\"https:\/\/cafedelariviera.com\/index.php\/productos\/\" \/>\n<meta property=\"og:locale\" content=\"es_MX\" \/>\n<meta property=\"og:type\" content=\"article\" \/>\n<meta property=\"og:title\" content=\"Nuestros Productos: Caf\u00e9 y kits para habitaciones de hotel - Caf\u00e9 de la Riviera\" \/>\n<meta property=\"og:description\" content=\"En Caf\u00e9 de la Riviera te ofrecemos una amplia gama de productos de caf\u00e9 de la m\u00e1s alta calidad para hoteles y restaurantes. Distintas variedades de caf\u00e9 para todos los gustos, kits para habitaciones y mucho m\u00e1s.\" \/>\n<meta property=\"og:url\" content=\"https:\/\/cafedelariviera.com\/index.php\/productos\/\" \/>\n<meta property=\"og:site_name\" content=\"Caf\u00e9 de la Riviera\" \/>\n<meta property=\"article:modified_time\" content=\"2018-05-29T22:48:30+00:00\" \/>\n<meta name=\"twitter:card\" content=\"summary_large_image\" \/>\n<meta name=\"twitter:label1\" content=\"Tiempo de lectura\" \/>\n\t<meta name=\"twitter:data1\" content=\"9 minutos\" \/>\n<script type=\"application\/ld+json\" class=\"yoast-schema-graph\">{\"@context\":\"https:\\\/\\\/schema.org\",\"@graph\":[{\"@type\":\"WebPage\",\"@id\":\"https:\\\/\\\/cafedelariviera.com\\\/index.php\\\/productos\\\/\",\"url\":\"https:\\\/\\\/cafedelariviera.com\\\/index.php\\\/productos\\\/\",\"name\":\"Nuestros Productos: Caf\u00e9 y kits para habitaciones de hotel - Caf\u00e9 de la Riviera\",\"isPartOf\":{\"@id\":\"https:\\\/\\\/cafedelariviera.com\\\/#website\"},\"datePublished\":\"2015-08-17T08:13:19+00:00\",\"dateModified\":\"2018-05-29T22:48:30+00:00\",\"description\":\"En Caf\u00e9 de la Riviera te ofrecemos una amplia gama de productos de caf\u00e9 de la m\u00e1s alta calidad para hoteles y restaurantes. Distintas variedades de caf\u00e9 para todos los gustos, kits para habitaciones y mucho m\u00e1s.\",\"breadcrumb\":{\"@id\":\"https:\\\/\\\/cafedelariviera.com\\\/index.php\\\/productos\\\/#breadcrumb\"},\"inLanguage\":\"es\",\"potentialAction\":[{\"@type\":\"ReadAction\",\"target\":[\"https:\\\/\\\/cafedelariviera.com\\\/index.php\\\/productos\\\/\"]}]},{\"@type\":\"BreadcrumbList\",\"@id\":\"https:\\\/\\\/cafedelariviera.com\\\/index.php\\\/productos\\\/#breadcrumb\",\"itemListElement\":[{\"@type\":\"ListItem\",\"position\":1,\"name\":\"Home\",\"item\":\"https:\\\/\\\/cafedelariviera.com\\\/\"},{\"@type\":\"ListItem\",\"position\":2,\"name\":\"Productos\"}]},{\"@type\":\"WebSite\",\"@id\":\"https:\\\/\\\/cafedelariviera.com\\\/#website\",\"url\":\"https:\\\/\\\/cafedelariviera.com\\\/\",\"name\":\"Caf\u00e9 de la Riviera\",\"description\":\"Caf\u00e9 gourmet mexicano, fresco, reci\u00e9n tostado, personalizado al gusto de la industria tur\u00edstica de Canc\u00fan, Riviera Maya y el sureste Mexicano.\",\"potentialAction\":[{\"@type\":\"SearchAction\",\"target\":{\"@type\":\"EntryPoint\",\"urlTemplate\":\"https:\\\/\\\/cafedelariviera.com\\\/?s={search_term_string}\"},\"query-input\":{\"@type\":\"PropertyValueSpecification\",\"valueRequired\":true,\"valueName\":\"search_term_string\"}}],\"inLanguage\":\"es\"}]}<\/script>\n<!-- \/ Yoast SEO plugin. -->","yoast_head_json":{"title":"Nuestros Productos: Caf\u00e9 y kits para habitaciones de hotel - Caf\u00e9 de la Riviera","description":"En Caf\u00e9 de la Riviera te ofrecemos una amplia gama de productos de caf\u00e9 de la m\u00e1s alta calidad para hoteles y restaurantes. Distintas variedades de caf\u00e9 para todos los gustos, kits para habitaciones y mucho m\u00e1s.","robots":{"index":"index","follow":"follow","max-snippet":"max-snippet:-1","max-image-preview":"max-image-preview:large","max-video-preview":"max-video-preview:-1"},"canonical":"https:\/\/cafedelariviera.com\/index.php\/productos\/","og_locale":"es_MX","og_type":"article","og_title":"Nuestros Productos: Caf\u00e9 y kits para habitaciones de hotel - Caf\u00e9 de la Riviera","og_description":"En Caf\u00e9 de la Riviera te ofrecemos una amplia gama de productos de caf\u00e9 de la m\u00e1s alta calidad para hoteles y restaurantes. Distintas variedades de caf\u00e9 para todos los gustos, kits para habitaciones y mucho m\u00e1s.","og_url":"https:\/\/cafedelariviera.com\/index.php\/productos\/","og_site_name":"Caf\u00e9 de la Riviera","article_modified_time":"2018-05-29T22:48:30+00:00","twitter_card":"summary_large_image","twitter_misc":{"Tiempo de lectura":"9 minutos"},"schema":{"@context":"https:\/\/schema.org","@graph":[{"@type":"WebPage","@id":"https:\/\/cafedelariviera.com\/index.php\/productos\/","url":"https:\/\/cafedelariviera.com\/index.php\/productos\/","name":"Nuestros Productos: Caf\u00e9 y kits para habitaciones de hotel - Caf\u00e9 de la Riviera","isPartOf":{"@id":"https:\/\/cafedelariviera.com\/#website"},"datePublished":"2015-08-17T08:13:19+00:00","dateModified":"2018-05-29T22:48:30+00:00","description":"En Caf\u00e9 de la Riviera te ofrecemos una amplia gama de productos de caf\u00e9 de la m\u00e1s alta calidad para hoteles y restaurantes. Distintas variedades de caf\u00e9 para todos los gustos, kits para habitaciones y mucho m\u00e1s.","breadcrumb":{"@id":"https:\/\/cafedelariviera.com\/index.php\/productos\/#breadcrumb"},"inLanguage":"es","potentialAction":[{"@type":"ReadAction","target":["https:\/\/cafedelariviera.com\/index.php\/productos\/"]}]},{"@type":"BreadcrumbList","@id":"https:\/\/cafedelariviera.com\/index.php\/productos\/#breadcrumb","itemListElement":[{"@type":"ListItem","position":1,"name":"Home","item":"https:\/\/cafedelariviera.com\/"},{"@type":"ListItem","position":2,"name":"Productos"}]},{"@type":"WebSite","@id":"https:\/\/cafedelariviera.com\/#website","url":"https:\/\/cafedelariviera.com\/","name":"Caf\u00e9 de la Riviera","description":"Caf\u00e9 gourmet mexicano, fresco, reci\u00e9n tostado, personalizado al gusto de la industria tur\u00edstica de Canc\u00fan, Riviera Maya y el sureste Mexicano.","potentialAction":[{"@type":"SearchAction","target":{"@type":"EntryPoint","urlTemplate":"https:\/\/cafedelariviera.com\/?s={search_term_string}"},"query-input":{"@type":"PropertyValueSpecification","valueRequired":true,"valueName":"search_term_string"}}],"inLanguage":"es"}]}},"_links":{"self":[{"href":"https:\/\/cafedelariviera.com\/index.php\/wp-json\/wp\/v2\/pages\/5607","targetHints":{"allow":["GET"]}}],"collection":[{"href":"https:\/\/cafedelariviera.com\/index.php\/wp-json\/wp\/v2\/pages"}],"about":[{"href":"https:\/\/cafedelariviera.com\/index.php\/wp-json\/wp\/v2\/types\/page"}],"author":[{"embeddable":true,"href":"https:\/\/cafedelariviera.com\/index.php\/wp-json\/wp\/v2\/users\/1"}],"replies":[{"embeddable":true,"href":"https:\/\/cafedelariviera.com\/index.php\/wp-json\/wp\/v2\/comments?post=5607"}],"version-history":[{"count":99,"href":"https:\/\/cafedelariviera.com\/index.php\/wp-json\/wp\/v2\/pages\/5607\/revisions"}],"predecessor-version":[{"id":6627,"href":"https:\/\/cafedelariviera.com\/index.php\/wp-json\/wp\/v2\/pages\/5607\/revisions\/6627"}],"wp:attachment":[{"href":"https:\/\/cafedelariviera.com\/index.php\/wp-json\/wp\/v2\/media?parent=5607"}],"curies":[{"name":"wp","href":"https:\/\/api.w.org\/{rel}","templated":true}]}}