{"id":6679,"date":"2017-12-20T11:31:23","date_gmt":"2017-12-20T16:31:23","guid":{"rendered":"http:\/\/cafedelariviera.com\/?page_id=6679"},"modified":"2017-12-20T12:13:03","modified_gmt":"2017-12-20T17:13:03","slug":"soporte-tecnico","status":"publish","type":"page","link":"https:\/\/cafedelariviera.com\/index.php\/soporte-tecnico\/","title":{"rendered":"Soporte T\u00e9cnico"},"content":{"rendered":"<p>[vc_row full_content_width=&#8221;row-inner-full&#8221; row_height_type=&#8221;fixed_height&#8221; height=&#8221;0&#8243; top=&#8221;150px&#8221; bottom=&#8221;150px&#8221; content_fadeout=&#8221;content-fadeout&#8221; bg_type=&#8221;image&#8221; bg_cover=&#8221;cover&#8221; bg_position=&#8221;&#8221; bg_image=&#8221;6680&#8243;][vc_column][vc_heading title=&#8221;Soporte T\u00e9cnico en M\u00e1quinas de Caf\u00e9&#8221; title_color=&#8221;#ffffff&#8221;][\/vc_column][\/vc_row][vc_row bottom=&#8221;0px&#8221;][vc_column][vc_column_text]<\/p>\n<h3>Servicio Especializado a M\u00e1quinas de Caf\u00e9<\/h3>\n<p>[\/vc_column_text][\/vc_column][\/vc_row][vc_row][vc_column width=&#8221;1\/3&#8243;][vc_column_text]En Caf\u00e9 de la Riviera ofrecemos un <strong>soporte t\u00e9cnico especializado<\/strong> para quienes operan los modelos de m\u00e1quinas de caf\u00e9 que manejamos.<\/p>\n<p>&nbsp;<\/p>\n<p>Siempre recomendamos dar un <strong>\u00f3ptimo mantenimiento<\/strong> a las cafeteras para conservarlas en excelentes condiciones para que no fallen y produzcan un gran caf\u00e9.<\/p>\n<p>&nbsp;<\/p>\n<p>En caso de requerir alg\u00fan <strong>arreglo,<\/strong> nuestro personal t\u00e9cnico cuenta con una preparaci\u00f3n especializada, y contamos con el acceso a las piezas de reposici\u00f3n originales.[\/vc_column_text][\/vc_column][vc_column width=&#8221;1\/3&#8243;][vc_empty_space height=&#8221;17px&#8221;][vc_carousel images=&#8221;6684,6685,6686,6687&#8243; anim_style=&#8221;fade&#8221; autoplay=&#8221;2000&#8243; navigation=&#8221;true&#8221; pagination=&#8221;true&#8221; navigation_hide=&#8221;nav-hide&#8221;][\/vc_column][vc_column width=&#8221;1\/3&#8243;][vc_empty_space height=&#8221;17px&#8221;][vc_carousel images=&#8221;6696,6697,6698,6699,6700&#8243; anim_style=&#8221;fade&#8221; autoplay=&#8221;1500&#8243; navigation=&#8221;true&#8221; pagination=&#8221;true&#8221; navigation_hide=&#8221;nav-hide&#8221;][\/vc_column][\/vc_row]<\/p>\n","protected":false},"excerpt":{"rendered":"<p>[vc_row full_content_width=&#8221;row-inner-full&#8221; row_height_type=&#8221;fixed_height&#8221; height=&#8221;0&#8243; top=&#8221;150px&#8221; bottom=&#8221;150px&#8221; content_fadeout=&#8221;content-fadeout&#8221; bg_type=&#8221;image&#8221; bg_cover=&#8221;cover&#8221; bg_position=&#8221;&#8221; bg_image=&#8221;6680&#8243;][vc_column][vc_heading title=&#8221;Soporte T\u00e9cnico en M\u00e1quinas de Caf\u00e9&#8221; title_color=&#8221;#ffffff&#8221;][\/vc_column][\/vc_row][vc_row bottom=&#8221;0px&#8221;][vc_column][vc_column_text] Servicio Especializado a M\u00e1quinas de Caf\u00e9 [\/vc_column_text][\/vc_column][\/vc_row][vc_row][vc_column width=&#8221;1\/3&#8243;][vc_column_text]En Caf\u00e9 de la Riviera ofrecemos un soporte t\u00e9cnico especializado para quienes operan los modelos de m\u00e1quinas de caf\u00e9 que manejamos. &nbsp; Siempre recomendamos dar un \u00f3ptimo mantenimiento a las cafeteras para conservarlas en excelentes condiciones para que no fallen y produzcan un gran caf\u00e9. &nbsp; En caso de&#8230;  <\/p>\n<div class=\"read-more\"><a class=\"excerpt-read-more\" href=\"https:\/\/cafedelariviera.com\/index.php\/soporte-tecnico\/\" title=\"Continue reading Soporte T\u00e9cnico\">Read more<i class=\"fa fa-angle-right\"><\/i><\/a><\/div>\n","protected":false},"author":1,"featured_media":0,"parent":0,"menu_order":0,"comment_status":"closed","ping_status":"closed","template":"page-full-width.php","meta":{"_monsterinsights_skip_tracking":false,"_monsterinsights_sitenote_active":false,"_monsterinsights_sitenote_note":"","_monsterinsights_sitenote_category":0,"footnotes":""},"class_list":["post-6679","page","type-page","status-publish","hentry"],"yoast_head":"<!-- This site is optimized with the Yoast SEO plugin v27.4 - https:\/\/yoast.com\/product\/yoast-seo-wordpress\/ -->\n<title>Soporte T\u00e9cnico - Caf\u00e9 de la Riviera<\/title>\n<meta name=\"robots\" content=\"index, follow, max-snippet:-1, max-image-preview:large, max-video-preview:-1\" \/>\n<link rel=\"canonical\" href=\"https:\/\/cafedelariviera.com\/index.php\/soporte-tecnico\/\" \/>\n<meta property=\"og:locale\" content=\"es_MX\" \/>\n<meta property=\"og:type\" content=\"article\" \/>\n<meta property=\"og:title\" content=\"Soporte T\u00e9cnico - Caf\u00e9 de la Riviera\" \/>\n<meta property=\"og:description\" content=\"[vc_row full_content_width=&#8221;row-inner-full&#8221; row_height_type=&#8221;fixed_height&#8221; height=&#8221;0&#8243; top=&#8221;150px&#8221; bottom=&#8221;150px&#8221; content_fadeout=&#8221;content-fadeout&#8221; bg_type=&#8221;image&#8221; bg_cover=&#8221;cover&#8221; bg_position=&#8221;&#8221; bg_image=&#8221;6680&#8243;][vc_column][vc_heading title=&#8221;Soporte T\u00e9cnico en M\u00e1quinas de Caf\u00e9&#8221; title_color=&#8221;#ffffff&#8221;][\/vc_column][\/vc_row][vc_row bottom=&#8221;0px&#8221;][vc_column][vc_column_text] Servicio Especializado a M\u00e1quinas de Caf\u00e9 [\/vc_column_text][\/vc_column][\/vc_row][vc_row][vc_column width=&#8221;1\/3&#8243;][vc_column_text]En Caf\u00e9 de la Riviera ofrecemos un soporte t\u00e9cnico especializado para quienes operan los modelos de m\u00e1quinas de caf\u00e9 que manejamos. &nbsp; Siempre recomendamos dar un \u00f3ptimo mantenimiento a las cafeteras para conservarlas en excelentes condiciones para que no fallen y produzcan un gran caf\u00e9. &nbsp; En caso de... Read more\" \/>\n<meta property=\"og:url\" content=\"https:\/\/cafedelariviera.com\/index.php\/soporte-tecnico\/\" \/>\n<meta property=\"og:site_name\" content=\"Caf\u00e9 de la Riviera\" \/>\n<meta property=\"article:modified_time\" content=\"2017-12-20T17:13:03+00:00\" \/>\n<meta name=\"twitter:card\" content=\"summary_large_image\" \/>\n<meta name=\"twitter:label1\" content=\"Tiempo de lectura\" \/>\n\t<meta name=\"twitter:data1\" content=\"1 minuto\" \/>\n<script type=\"application\/ld+json\" class=\"yoast-schema-graph\">{\"@context\":\"https:\\\/\\\/schema.org\",\"@graph\":[{\"@type\":\"WebPage\",\"@id\":\"https:\\\/\\\/cafedelariviera.com\\\/index.php\\\/soporte-tecnico\\\/\",\"url\":\"https:\\\/\\\/cafedelariviera.com\\\/index.php\\\/soporte-tecnico\\\/\",\"name\":\"Soporte T\u00e9cnico - Caf\u00e9 de la Riviera\",\"isPartOf\":{\"@id\":\"https:\\\/\\\/cafedelariviera.com\\\/#website\"},\"datePublished\":\"2017-12-20T16:31:23+00:00\",\"dateModified\":\"2017-12-20T17:13:03+00:00\",\"breadcrumb\":{\"@id\":\"https:\\\/\\\/cafedelariviera.com\\\/index.php\\\/soporte-tecnico\\\/#breadcrumb\"},\"inLanguage\":\"es\",\"potentialAction\":[{\"@type\":\"ReadAction\",\"target\":[\"https:\\\/\\\/cafedelariviera.com\\\/index.php\\\/soporte-tecnico\\\/\"]}]},{\"@type\":\"BreadcrumbList\",\"@id\":\"https:\\\/\\\/cafedelariviera.com\\\/index.php\\\/soporte-tecnico\\\/#breadcrumb\",\"itemListElement\":[{\"@type\":\"ListItem\",\"position\":1,\"name\":\"Home\",\"item\":\"https:\\\/\\\/cafedelariviera.com\\\/\"},{\"@type\":\"ListItem\",\"position\":2,\"name\":\"Soporte T\u00e9cnico\"}]},{\"@type\":\"WebSite\",\"@id\":\"https:\\\/\\\/cafedelariviera.com\\\/#website\",\"url\":\"https:\\\/\\\/cafedelariviera.com\\\/\",\"name\":\"Caf\u00e9 de la Riviera\",\"description\":\"Caf\u00e9 gourmet mexicano, fresco, reci\u00e9n tostado, personalizado al gusto de la industria tur\u00edstica de Canc\u00fan, Riviera Maya y el sureste Mexicano.\",\"potentialAction\":[{\"@type\":\"SearchAction\",\"target\":{\"@type\":\"EntryPoint\",\"urlTemplate\":\"https:\\\/\\\/cafedelariviera.com\\\/?s={search_term_string}\"},\"query-input\":{\"@type\":\"PropertyValueSpecification\",\"valueRequired\":true,\"valueName\":\"search_term_string\"}}],\"inLanguage\":\"es\"}]}<\/script>\n<!-- \/ Yoast SEO plugin. -->","yoast_head_json":{"title":"Soporte T\u00e9cnico - Caf\u00e9 de la Riviera","robots":{"index":"index","follow":"follow","max-snippet":"max-snippet:-1","max-image-preview":"max-image-preview:large","max-video-preview":"max-video-preview:-1"},"canonical":"https:\/\/cafedelariviera.com\/index.php\/soporte-tecnico\/","og_locale":"es_MX","og_type":"article","og_title":"Soporte T\u00e9cnico - Caf\u00e9 de la Riviera","og_description":"[vc_row full_content_width=&#8221;row-inner-full&#8221; row_height_type=&#8221;fixed_height&#8221; height=&#8221;0&#8243; top=&#8221;150px&#8221; bottom=&#8221;150px&#8221; content_fadeout=&#8221;content-fadeout&#8221; bg_type=&#8221;image&#8221; bg_cover=&#8221;cover&#8221; bg_position=&#8221;&#8221; bg_image=&#8221;6680&#8243;][vc_column][vc_heading title=&#8221;Soporte T\u00e9cnico en M\u00e1quinas de Caf\u00e9&#8221; title_color=&#8221;#ffffff&#8221;][\/vc_column][\/vc_row][vc_row bottom=&#8221;0px&#8221;][vc_column][vc_column_text] Servicio Especializado a M\u00e1quinas de Caf\u00e9 [\/vc_column_text][\/vc_column][\/vc_row][vc_row][vc_column width=&#8221;1\/3&#8243;][vc_column_text]En Caf\u00e9 de la Riviera ofrecemos un soporte t\u00e9cnico especializado para quienes operan los modelos de m\u00e1quinas de caf\u00e9 que manejamos. &nbsp; Siempre recomendamos dar un \u00f3ptimo mantenimiento a las cafeteras para conservarlas en excelentes condiciones para que no fallen y produzcan un gran caf\u00e9. &nbsp; En caso de... Read more","og_url":"https:\/\/cafedelariviera.com\/index.php\/soporte-tecnico\/","og_site_name":"Caf\u00e9 de la Riviera","article_modified_time":"2017-12-20T17:13:03+00:00","twitter_card":"summary_large_image","twitter_misc":{"Tiempo de lectura":"1 minuto"},"schema":{"@context":"https:\/\/schema.org","@graph":[{"@type":"WebPage","@id":"https:\/\/cafedelariviera.com\/index.php\/soporte-tecnico\/","url":"https:\/\/cafedelariviera.com\/index.php\/soporte-tecnico\/","name":"Soporte T\u00e9cnico - Caf\u00e9 de la Riviera","isPartOf":{"@id":"https:\/\/cafedelariviera.com\/#website"},"datePublished":"2017-12-20T16:31:23+00:00","dateModified":"2017-12-20T17:13:03+00:00","breadcrumb":{"@id":"https:\/\/cafedelariviera.com\/index.php\/soporte-tecnico\/#breadcrumb"},"inLanguage":"es","potentialAction":[{"@type":"ReadAction","target":["https:\/\/cafedelariviera.com\/index.php\/soporte-tecnico\/"]}]},{"@type":"BreadcrumbList","@id":"https:\/\/cafedelariviera.com\/index.php\/soporte-tecnico\/#breadcrumb","itemListElement":[{"@type":"ListItem","position":1,"name":"Home","item":"https:\/\/cafedelariviera.com\/"},{"@type":"ListItem","position":2,"name":"Soporte T\u00e9cnico"}]},{"@type":"WebSite","@id":"https:\/\/cafedelariviera.com\/#website","url":"https:\/\/cafedelariviera.com\/","name":"Caf\u00e9 de la Riviera","description":"Caf\u00e9 gourmet mexicano, fresco, reci\u00e9n tostado, personalizado al gusto de la industria tur\u00edstica de Canc\u00fan, Riviera Maya y el sureste Mexicano.","potentialAction":[{"@type":"SearchAction","target":{"@type":"EntryPoint","urlTemplate":"https:\/\/cafedelariviera.com\/?s={search_term_string}"},"query-input":{"@type":"PropertyValueSpecification","valueRequired":true,"valueName":"search_term_string"}}],"inLanguage":"es"}]}},"_links":{"self":[{"href":"https:\/\/cafedelariviera.com\/index.php\/wp-json\/wp\/v2\/pages\/6679","targetHints":{"allow":["GET"]}}],"collection":[{"href":"https:\/\/cafedelariviera.com\/index.php\/wp-json\/wp\/v2\/pages"}],"about":[{"href":"https:\/\/cafedelariviera.com\/index.php\/wp-json\/wp\/v2\/types\/page"}],"author":[{"embeddable":true,"href":"https:\/\/cafedelariviera.com\/index.php\/wp-json\/wp\/v2\/users\/1"}],"replies":[{"embeddable":true,"href":"https:\/\/cafedelariviera.com\/index.php\/wp-json\/wp\/v2\/comments?post=6679"}],"version-history":[{"count":14,"href":"https:\/\/cafedelariviera.com\/index.php\/wp-json\/wp\/v2\/pages\/6679\/revisions"}],"predecessor-version":[{"id":6706,"href":"https:\/\/cafedelariviera.com\/index.php\/wp-json\/wp\/v2\/pages\/6679\/revisions\/6706"}],"wp:attachment":[{"href":"https:\/\/cafedelariviera.com\/index.php\/wp-json\/wp\/v2\/media?parent=6679"}],"curies":[{"name":"wp","href":"https:\/\/api.w.org\/{rel}","templated":true}]}}